-3?
-88cb
In base 6, what is 23 - 2253?
-2230
In base 14, what is d - -418?
427
In base 11, what is 0 - -1577a?
1577a
In base 4, what is 0 + 11110330?
11110330
In base 15, what is 15 + 3129?
313e
In base 14, what is -9c139 - -6?
-9c133
In base 5, what is 130213 - -41?
130304
In base 2, what is -1111110000100 - 1001?
-1111110001101
In base 12, what is 135 - -1247?
1380
In base 14, what is -8bd6 + 5?
-8bd1
In base 7, what is -14652 + -310?
-15262
In base 6, what is -12335 - 23?
-12402
In base 5, what is -11 + -1043023?
-1043034
In base 13, what is -1cb0a - -3?
-1cb07
In base 3, what is -211 - 21221020200?
-21221021111
In base 7, what is 23 - 1106?
-1053
In base 6, what is -2 + -523114?
-523120
In base 9, what is 8576 - -6?
8583
In base 7, what is 16405324 + -5?
16405316
In base 2, what is -11 - -10011101001001000?
10011101001000101
In base 8, what is -4 - -17332?
17326
In base 4, what is -2013 + 32210?
30131
In base 13, what is b38 + 779?
15b4
In base 3, what is 0 + -10111002112?
-10111002112
In base 11, what is 36749 + -3?
36746
In base 8, what is 5 - 4623117?
-4623112
In base 13, what is b3360 - 0?
b3360
In base 4, what is -331023000 - 10?
-331023010
In base 8, what is -343775 + -4?
-344001
In base 12, what is -a5 - -5736?
5651
In base 12, what is -5 - -12152?
12149
In base 11, what is -4529 + a?
-451a
In base 11, what is -11203a - a?
-112049
In base 2, what is 11111110011000 + -101?
11111110010011
In base 11, what is 29a + a43?
1232
In base 5, what is 21400 + 2040?
23440
In base 16, what is -2c76b + -4?
-2c76f
In base 6, what is 34 - 103545?
-103511
In base 6, what is -2 + -143250?
-143252
In base 13, what is 13 + 137325?
137338
In base 13, what is -3 - -35968?
35965
In base 4, what is 0 + 32030030?
32030030
In base 13, what is 5828 + -1?
5827
In base 9, what is 103 + 2381?
2484
In base 15, what is -96 + -9d0?
-a76
In base 3, what is -1210 + 1001?
-202
In base 10, what is -18427 - 11?
-18438
In base 8, what is -5 - 253124?
-253131
In base 6, what is -1533105 + 2?
-1533103
In base 16, what is 2 - 6062d?
-6062b
In base 12, what is 4 - 2512?
-250a
In base 12, what is -5 + 7378?
7373
In base 10, what is -3 + 96739?
96736
In base 10, what is 10 - 4958?
-4948
In base 5, what is -342032 - 13?
-342100
In base 2, what is 101011 - 1101001000?
-1100011101
In base 11, what is -149466 + 4?
-149462
In base 6, what is 2 - 3320401?
-3320355
In base 7, what is 601042 + -2?
601040
In base 15, what is -72 - -53b?
4b9
In base 14, what is b1d2 + 1?
b1d3
In base 5, what is 120 + -101301?
-101131
In base 12, what is -12 + 2213?
2201
In base 4, what is 20031132 - 100?
20031032
In base 9, what is 8 + 140581?
140600
In base 2, what is -110 - 10011100001111010100?
-10011100001111011010
In base 8, what is -476365 - -3?
-476362
In base 2, what is -110000 + 1011011111?
1010101111
In base 12, what is -94 - 4bb2?
-5086
In base 6, what is -102 + 24014?
23512
In base 12, what is -36377 - -43?
-36334
In base 7, what is -300 + 1626?
1326
In base 10, what is -5 - 893?
-898
In base 3, what is 21 + -1200221212210?
-1200221212112
In base 14, what is 1a5 - 5b?
148
In base 9, what is -28 + -1401?
-1430
In base 15, what is -23 + 29a1?
297d
In base 4, what is 210 + 20232203?
20233013
In base 15, what is 6774 + -5?
676e
In base 2, what is -10 - -11011001010110?
11011001010100
In base 3, what is -212201 + 110000?
-102201
In base 10, what is -2 - 173037?
-173039
In base 6, what is 232 + 10304?
10540
In base 7, what is 0 - -226020?
226020
In base 4, what is 3 - 111201200?
-111201131
In base 16, what is 2 - -176f0?
176f2
In base 8, what is -54664 - 12?
-54676
In base 13, what is 9c - -5a2?
671
In base 4, what is -2311032030 + 1?
-2311032023
In base 7, what is -5 + 225131?
225123
In base 5, what is -41 + -30001?
-30042
In base 8, what is 7420317 + -2?
7420315
In base 10, what is 63951 - -1?
63952
In base 2, what is -110 - -1001100010011?
1001100001101
In base 16, what is -2a + -153f9?
-15423
In base 8, what is 1 + 15715?
15716
In base 9, what is 73720 - -14?
73734
In base 11, what is -25287 - 26?
-25302
In base 4, what is -1 - -321231022?
321231021
In base 4, what is 200231 - -2230?
203121
In base 9, what is 3382 + -3010?
372
In base 16, what is -2a79 + 2?
-2a77
In base 5, what is 20242 + 21014?
41311
In base 10, what is -4337 - 2?
-4339
In base 4, what is -20331 + -22?
-21013
In base 14, what is a9 - 15?
94
In base 11, what is 1790 - -2?
1792
In base 4, what is 1222 - -1132013?
1133301
In base 8, what is 210 - 1152?
-742
In base 3, what is 21 - 1010222112?
-1010222021
In base 10, what is 32765 - 2?
32763
In base 9, what is 88216 - 2?
88214
In base 5, what is -4023 - 1431?
-11004
In base 12, what is -43 + 24a1?
245a
In base 3, what is 1001021100201 - 10?
1001021100121
In base 2, what is -101110100101 + -1001?
-101110101110
In base 12, what is 1565 - -4?
1569
In base 3, what is -2111 + -1021222220?
-1022002101
In base 2, what is -100100 - 10010011?
-10110111
In base 3, what is -2111212 + -210?
-2112122
In base 5, what is 20333304 + -2?
20333302
In base 5, what is 12 + -3001333?
-3001321
In base 2, what is 1001001101101 + -1111?
1001001011110
In base 8, what is 13623 - 42?
13561
In base 9, what is 13032 - 3?
13028
In base 4, what is -10331000 + 21?
-10330313
In base 7, what is 111350 + -135?
111212
In base 2, what is -11000011111100 - -101101?
-11000011001111
In base 3, what is -12101 + -12210?
-102011
In base 16, what is -26b8 - 0?
-26b8
In base 9, what is 2144 - -71?
2225
In base 4, what is 12312 + -120?
12132
In base 5, what is -13423110 + -1?
-13423111
In base 4, what is -113 + -103020?
-103133
In base 15, what is -2 - a6d5?
-a6d7
In base 9, what is -3 + -64248?
-64252
In base 2, what is 1 + -10001000010110?
-10001000010101
In base 12, what is -7272 + 26?
-7248
In base 14, what is -541 - 80?
-5c1
In base 8, what is -1103 - 143?
-1246
In base 5, what is -4212103 + 4?
-4212044
In base 10, what is 119210 + -19?
119191
In base 13, what is 1612 - 33?
15ac
In base 16, what is 0 - 16a7c?
-16a7c
In base 11, what is 203 - 54?
15a
In base 6, what is 4 - 500315?
-500311
In base 6, what is -540550 - 12?
-541002
In base 10, what is 68 + -981?
-913
In base 10, what is -131561 - 4?
-131565
In base 15, what is 3d532 - 2?
3d530
In base 12, what is a5 + -103a3?
-102ba
In base 14, what is 1 + -9a9d?
-9a9c
In base 8, what is 35 + -74253?
-74216
In base 11, what is 2 - -206aa?
20701
In base 10, what is 202485 - 3?
202482
In base 5, what is -14002 + -4034?
-23041
In base 2, what is -11000010111010011 - -100?
-11000010111001111
In base 13, what is -4 - -1105?
1101
In base 13, what is 102 + c?
111
In base 4, what is 3 - 31010022?
-31010013
In base 12, what is -1 - -4333?
4332
In base 4, what is 11 - 10111311330?
-10111311313
In base 4, what is 11 - -112131222?
112131233
In base 10, what is 5 - -727709?
727714
In base 16, what is -322 + 10?
-312
In base 11, what is -17 + -170a?
-1726
In base 12, what is 19 - 707?
-6aa
In base 4, what is -132 + -110033?
-110231
In base 4, what is 0 + -21322?
-21322
In base 2, what is -1100011 - 110110001100?
-110111101111
In base 15, what is 3609 + 1?
360a
In base 9, what is -113116 - -40?
-113066
In base 10, what is -275 + 2569?
2294
In base 10, what is -43 + -460?
-503
In base 2, what is 10010111101101011110 + -101?
10010111101101011001
In base 13, what is 3 + -26a0a?
-26a07
In base 8, what is -5560100 - 2?
-5560102
In base 5, what is -30043413 - 0?
-30043413
In base 15, what is 13e8 - 5?
13e3
In base 16, what is -15c8 + 1?
-15c7
In base 12, what is 1 + -29995?
-29994
In base 9, what is 4 + 558626?
558631
In base 13, what is -7909 - -16?
-78c3
In base 8, what is 142 - -621?
763
In base 12, what is -4 + 138035?
138031
In base 16, what is e + -3ad28?
-3ad1a
In base 11, what is 115 - 2007?
-19a2
In base 4, what is 332 + -113?
213
In base 7, what is 5226011 - 4?
5226004
In base 10, what is 28 + -6130?
-6102
In base 3, what is -111022 + -202122?
-1020221
In base 14, what is -135 + 6d?
-a6
In base 11, what is 15146 - 3?
15143
In base 5, what is -10324 - 211?
-11040
In base 15, what is db982 - 5?
db97c
In base 11, what is 153 + 20?
173
In base 5, what is -22401 - -223?
-22123
In base 2, what is -101 - 1010100110001?
-1010100110110
In base 10, what is 753926 - -6?
753932
In base 10,